ivisor of 60187 and 139.
139
Calculate the highest common divisor of 892 and 4197306.
446
Calculate the highest common factor of 48 and 24324.
12
Calculate the greatest common factor of 36 and 19556.
4
Calculate the greatest common factor of 35522 and 66.
2
What is the highest common factor of 435822 and 190?
38
Calculate the highest common factor of 11135 and 18377.
17
What is the highest common factor of 180 and 6450?
30
What is the highest common factor of 380 and 7260?
20
What is the highest common factor of 304 and 167408?
16
Calculate the greatest common factor of 3726 and 3240.
162
Calculate the highest common divisor of 5 and 5305.
5
What is the greatest common factor of 1802 and 583?
53
Calculate the greatest common divisor of 2984 and 1272.
8
What is the highest common factor of 102 and 480896?
34
What is the highest common divisor of 138489 and 689?
689
What is the greatest common divisor of 22 and 1161457?
11
Calculate the greatest common divisor of 221588 and 101859.
1787
Calculate the greatest common divisor of 9592 and 418.
22
Calculate the highest common divisor of 15 and 49065.
15
Calculate the highest common divisor of 513 and 41382.
171
What is the greatest common divisor of 70977 and 1062?
177
What is the highest common divisor of 1504 and 3664?
16
What is the greatest common divisor of 24805 and 363?
121
Calculate the greatest common divisor of 7050 and 8418.
6
Calculate the highest common factor of 4 and 9892.
4
What is the highest common factor of 104067 and 1865?
373
Calculate the highest common factor of 140 and 5138.
14
Calculate the greatest common divisor of 9 and 277.
1
Calculate the greatest common factor of 5 and 7969.
1
What is the highest common factor of 47938 and 44?
22
Calculate the highest common factor of 14139 and 27.
9
Calculate the highest common factor of 1036696 and 8.
8
Calculate the highest common factor of 15296 and 48.
16
What is the highest common factor of 903 and 300097?
301
What is the greatest common divisor of 18 and 100206?
18
Calculate the highest common divisor of 68 and 111248.
68
Calculate the highest common factor of 460 and 18820.
20
Calculate the highest common factor of 359677 and 37.
37
What is the highest common divisor of 212994 and 576?
18
What is the greatest common factor of 208 and 41704?
104
What is the highest common divisor of 7074 and 41134?
262
What is the greatest common factor of 1840 and 345?
115
What is the highest common factor of 6458 and 64?
2
What is the greatest common factor of 26 and 130286?
26
Calculate the greatest common factor of 20 and 3576.
4
What is the highest common divisor of 1403 and 2103097?
1403
What is the greatest common factor of 330 and 2344430?
110
Calculate the greatest common factor of 21465 and 62805.
795
What is the highest common factor of 126 and 9558?
18
Calculate the greatest common divisor of 78 and 43251.
39
What is the greatest common divisor of 756 and 47124?
252
What is the highest common divisor of 2 and 1231?
1
What is the greatest common divisor of 36 and 631140?
12
Calculate the highest common factor of 984 and 172528.
328
Calculate the highest common divisor of 12796 and 4113.
457
What is the highest common divisor of 49706 and 145?
29
What is the greatest common factor of 4 and 52126?
2
What is the highest common factor of 477 and 3087?
9
Calculate the highest common divisor of 23 and 10798.
1
Calculate the highest common factor of 106286 and 19.
19
What is the greatest common factor of 64 and 48064?
64
Calculate the greatest common divisor of 6400 and 100608.
256
Calculate the highest common factor of 237038 and 46.
46
Calculate the greatest common divisor of 4089 and 7047.
87
What is the greatest common factor of 56555 and 2?
1
Calculate the highest common divisor of 132 and 6024.
12
Calculate the highest common factor of 781 and 994.
71
What is the greatest common divisor of 316 and 10981?
79
Calculate the highest common factor of 201572 and 56.
28
Calculate the greatest common divisor of 50 and 378050.
50
What is the greatest common factor of 1402 and 1365548?
1402
What is the greatest common factor of 39 and 11646219?
39
Calculate the highest common factor of 687468 and 1416.
708
What is the greatest common divisor of 7744 and 33517?
121
Calculate the highest common factor of 126 and 120022.
14
Calculate the highest common factor of 78100 and 116.
4
Calculate the highest common divisor of 2244 and 24156.
132
Calculate the greatest common factor of 2696 and 50887.
337
Calculate the greatest common divisor of 1996 and 781933.
499
Calculate the highest common factor of 1403415 and 819.
117
Calculate the greatest common divisor of 33 and 1192983.
33
What is the highest common divisor of 300 and 9620?
20
Calculate the highest common factor of 9 and 2793996.
9
Calculate the greatest common factor of 3534 and 42718.
62
Calculate the highest common divisor of 51696 and 60192.
144
What is the greatest common factor of 139880 and 2080?
520
Calculate the highest common factor of 1 and 31723.
1
What is the highest common divisor of 765 and 30906?
153
Calculate the greatest common factor of 1012 and 13800.
92
Calculate the greatest common factor of 27467 and 908.
227
What is the highest common factor of 462 and 3366?
66
What is the highest common divisor of 2124 and 3008646?
1062
Calculate the highest common factor of 65918 and 989.
23
What is the greatest common factor of 1322 and 256?
2
Calculate the greatest common factor of 3419 and 1976.
13
Calculate the greatest common factor of 159139 and 14343.
683
Calculate the highest common factor of 279 and 5103.
9
What is the highest common divisor of 90 and 142920?
90
Calculate the highest common factor of 921051 and 4521.
411
Calculate the greatest common divisor of 3363 and 627.
57
Calculate the greatest common divisor of 3907547 and 609.
203
What is the highest common divisor of 876428 and 5537?
791
What is the greatest common factor of 2248 and 38?
2
What is the greatest common divisor of 2944 and 10396?
92
Calculate the highest common divisor of 37979 and 29177.
163
Calculate the highest common divisor of 229 and 5268374.
229
Calculate the highest common factor of 60 and 62800.
20
What is the greatest common factor of 1771352 and 88?
88
Calculate the highest common factor of 1819 and 374.
17
Calculate the highest common divisor of 107 and 30281.
107
Calculate the highest common factor of 7870038 and 11.
11
What is the greatest common divisor of 11997 and 68499?
387
Calculate the highest common divisor of 306 and 278494.
34
Calculate the highest common factor of 32 and 5363872.
32
Calculate the highest common divisor of 24 and 14072.
8
What is the greatest common divisor of 50509 and 265?
53
Calculate the highest common factor of 548 and 1278484.
548
Calculate the greatest common factor of 423 and 26179.
47
What is the greatest common divisor of 33618 and 598?
26
What is the highest common divisor of 6 and 39164?
2
Calculate the highest common divisor of 47334 and 414.
138
Calculate the greatest common factor of 13250 and 11342.
106
What is the highest common divisor of 186 and 51770?
62
Calculate the greatest common factor of 66735 and 45.
45
What is the highest common divisor of 26756 and 112?
4
Calculate the highest common divisor of 7296 and 12072.
24
What is the highest common divisor of 192160 and 400?
80
Calculate the highest common factor of 63 and 1092.
21
Calculate the greatest common factor of 177 and 11446.
59
Calculate the greatest common factor of 108 and 205353.
9
What is the highest common factor of 29308 and 136?
68
What is the highest common divisor of 1795786 and 8230?
1646
What is the greatest common divisor of 1169 and 217?
7
Calculate the greatest common factor of 23616 and 4032.
576
Calculate the greatest common divisor of 612 and 20604.
204
Calculate the highest common factor of 57109 and 184.
23
Calculate the greatest common divisor of 864 and 88.
8
Calculate the highest common divisor of 1608 and 360.
24
Calculate the highest common factor of 65 and 27157.
13
Calculate the greatest common factor of 102 and 23630.
34
What is the highest common factor of 86 and 426?
2
What is the greatest common factor of 500 and 267000?
500
Calculate the greatest comm